mon factor of 142534 and 70?
14
Calculate the greatest common factor of 1032 and 76110.
258
What is the highest common factor of 75240 and 8?
8
What is the highest common divisor of 3 and 40897?
1
What is the greatest common divisor of 66315 and 120?
15
What is the highest common factor of 25 and 7500200?
25
What is the highest common divisor of 3045 and 399?
21
Calculate the highest common factor of 1091046 and 132.
66
What is the greatest common factor of 70742 and 682?
62
What is the highest common factor of 410 and 8774?
82
Calculate the highest common divisor of 70 and 1058.
2
Calculate the greatest common divisor of 172200 and 123.
123
Calculate the highest common divisor of 215805 and 60.
15
Calculate the highest common divisor of 66120 and 9367.
551
What is the highest common factor of 7171824 and 1598?
1598
What is the highest common factor of 24 and 804132?
12
Calculate the greatest common divisor of 4000 and 3184.
16
Calculate the highest common factor of 1848705 and 555.
555
Calculate the greatest common factor of 612 and 30204.
36
Calculate the highest common divisor of 280 and 37520.
280
Calculate the highest common divisor of 1643 and 13674.
53
What is the greatest common divisor of 17261 and 164?
41
Calculate the highest common factor of 255 and 5457.
51
Calculate the highest common divisor of 2414 and 8378.
142
Calculate the greatest common factor of 344490 and 130.
10
Calculate the highest common divisor of 44573 and 583.
53
What is the highest common divisor of 384 and 13254?
6
What is the greatest common divisor of 1858 and 32515?
929
What is the greatest common factor of 1560 and 18876?
156
What is the highest common divisor of 3530 and 230?
10
Calculate the highest common divisor of 744 and 30504.
744
What is the highest common divisor of 84636 and 3888?
36
What is the greatest common factor of 60030 and 92?
46
What is the highest common factor of 925 and 1175?
25
What is the highest common divisor of 142 and 1153466?
142
Calculate the highest common divisor of 3503 and 5239.
31
Calculate the greatest common divisor of 7562 and 77411.
199
What is the highest common divisor of 2 and 947?
1
What is the highest common factor of 106896 and 48?
48
What is the greatest common divisor of 21 and 13748?
7
Calculate the highest common divisor of 680 and 487560.
680
What is the greatest common divisor of 11876 and 8?
4
Calculate the greatest common factor of 3928 and 544.
8
What is the highest common factor of 2508 and 372780?
228
Calculate the greatest common divisor of 5083 and 107525.
391
Calculate the highest common divisor of 14 and 3043894.
14
What is the greatest common divisor of 144260 and 30?
10
Calculate the highest common divisor of 332 and 656.
4
What is the greatest common factor of 80288 and 1664?
416
What is the highest common factor of 570759 and 441?
21
What is the highest common factor of 825 and 38400?
75
Calculate the highest common divisor of 68245 and 20.
5
Calculate the highest common divisor of 1275 and 87825.
75
What is the greatest common divisor of 16606 and 1288?
46
Calculate the greatest common factor of 110 and 22858.
22
Calculate the highest common divisor of 6786 and 48546.
522
Calculate the greatest common factor of 272 and 2224.
16
Calculate the greatest common factor of 640 and 380.
20
What is the greatest common divisor of 150711 and 55?
11
Calculate the highest common divisor of 260352 and 864.
288
Calculate the greatest common divisor of 895 and 1525080.
895
What is the greatest common divisor of 81172 and 312?
52
Calculate the greatest common factor of 12486 and 192.
6
Calculate the highest common factor of 24897 and 129.
129
What is the highest common divisor of 1890 and 146070?
270
What is the highest common factor of 112002 and 132?
66
Calculate the highest common divisor of 14 and 2013907.
7
What is the greatest common factor of 4424 and 3002?
158
What is the greatest common factor of 690115 and 230?
115
What is the greatest common divisor of 58190 and 4345?
55
What is the greatest common divisor of 841 and 5191?
29
What is the highest common divisor of 165 and 14080?
55
What is the highest common factor of 944719 and 167?
167
Calculate the highest common factor of 96852 and 252.
84
Calculate the greatest common divisor of 92214 and 1363.
47
Calculate the highest common divisor of 18 and 290259.
9
Calculate the greatest common divisor of 2058 and 137298.
294
What is the highest common factor of 575 and 95657?
23
Calculate the greatest common factor of 112302 and 2448.
306
Calculate the greatest common factor of 4114 and 46002.
374
What is the highest common factor of 585 and 17784?
117
What is the highest common factor of 49040 and 144?
16
What is the highest common factor of 529 and 52900?
529
What is the greatest common divisor of 1220 and 4780?
20
Calculate the greatest common divisor of 15 and 1776.
3
What is the greatest common factor of 1803017 and 316?
79
Calculate the highest common factor of 119624 and 40.
8
What is the highest common divisor of 4723983 and 297?
99
Calculate the greatest common factor of 231840 and 1134.
126
Calculate the greatest common factor of 18369 and 3393.
117
What is the greatest common factor of 4794892 and 386?
386
Calculate the greatest common factor of 6572768 and 32.
32
What is the highest common factor of 290 and 547114?
58
What is the greatest common divisor of 2456 and 4998574?
614
Calculate the highest common factor of 459 and 15283.
17
What is the greatest common factor of 61238 and 1474?
134
What is the highest common factor of 1035 and 11542320?
1035
What is the greatest common divisor of 640 and 2217920?
320
Calculate the highest common divisor of 6 and 89800.
2
What is the greatest common factor of 242326 and 798?
266
Calculate the highest common factor of 86842 and 469.
7
What is the greatest common divisor of 104259 and 69?
69
What is the greatest common divisor of 126 and 152244?
18
What is the greatest common factor of 304 and 4088648?
152
Calculate the greatest common divisor of 826 and 39766.
118
What is the greatest common factor of 1064 and 11032?
56
Calculate the highest common factor of 40484 and 1330388.
1396
Calculate the highest common divisor of 2646 and 1344.
42
Calculate the greatest common factor of 29915 and 25.
5
Calculate the highest common divisor of 660 and 669405.
165
Calculate the highest common divisor of 492 and 98031.
123
What is the greatest common factor of 157341 and 1074?
537
What is the greatest common divisor of 67 and 184183?
67
What is the greatest common factor of 16 and 16696?
8
Calculate the highest common factor of 10818 and 354.
6
Calculate the highest common factor of 68773 and 2425.
97
What is the greatest common factor of 74 and 9246448?
74
Calculate the highest common factor of 83 and 1843181.
83
Calculate the highest common factor of 1878707 and 232.
29
What is the highest common divisor of 86754 and 7638?
114
Calculate the greatest common divisor of 211706 and 22.
22
Calculate the highest common factor of 104699 and 154.
7
Calculate the greatest common factor of 150260 and 880.
220
What is the highest common factor of 380 and 209076?
76
What is the highest common divisor of 866484 and 24?
12
Calculate the highest common factor of 1150 and 23350.
50
Calculate the highest common factor of 908 and 1127509.
227
Calculate the highest common divisor of 100 and 210940.
20
What is the greatest common divisor of 188901 and 302?
151
What is the highest common factor of 10885 and 15540?
35
What is the highest common factor of 31343 and 91?
13
Calculate the highest common factor of 60 and 203540.
20
What is the greatest common divisor of 41672 and 328?
8
Calculate the greatest common divisor of 32990 and 200.
10
Calculate the greatest common factor of 2685 and 1920.
15
What is the highest common factor of 4391 and 2?
1
Calculate the greatest common factor of 21400 and 2000.
200
What is the highest common divisor of 16 and 22808?
8
Calculate the highest common divisor of 6188 and 156.
52
Calculate the greatest common divisor of 32 and 57144.
8
Calculate the greatest common divisor of 13070 and 60.
10
What is the greatest common divisor of 2099234 and 76?
38
Calculate the greatest common factor of 437919 a